

{"id":8119,"date":"2021-03-26T11:03:51","date_gmt":"2021-03-26T09:03:51","guid":{"rendered":"https:\/\/zenshin.aarbeta.ch\/index.php\/geschichte\/"},"modified":"2021-10-29T15:28:30","modified_gmt":"2021-10-29T13:28:30","slug":"geschichte","status":"publish","type":"page","link":"https:\/\/zenshin.ch\/fr\/geschichte\/","title":{"rendered":"Histoire du dojo"},"content":{"rendered":"<section class=\"wpb-content-wrapper\"><p>[vc_row][vc_column]\n\t\t\t<!-- START Geschichte Dojo REVOLUTION SLIDER 6.6.13 --><p class=\"rs-p-wp-fix\"><\/p>\n\t\t\t<rs-module-wrap id=\"rev_slider_15_1_wrapper\" data-source=\"gallery\" style=\"visibility:hidden;background:transparent;padding:0;margin:0px auto;margin-top:0;margin-bottom:0;\">\n\t\t\t\t<rs-module id=\"rev_slider_15_1\" style=\"\" data-version=\"6.6.13\">\n\t\t\t\t\t<rs-slides style=\"overflow: hidden; position: absolute;\">\n\t\t\t\t\t\t<rs-slide style=\"position: absolute;\" data-key=\"rs-81\" data-title=\"Slide\" data-anim=\"adpr:false;\" data-in=\"x:100%;\" data-out=\"a:false;\" data-alttrans=\"fade\">\n\t\t\t\t\t\t\t<img decoding=\"async\" src=\"\/\/zenshin.ch\/wp-content\/plugins\/revslider\/public\/assets\/assets\/dummy.png\" alt=\"\" title=\"ZEN SHIN Karate-Do Gruppenbild 80er Jahre\" width=\"2560\" height=\"1710\" class=\"rev-slidebg tp-rs-img rs-lazyload\" data-lazyload=\"\/\/zenshin.ch\/wp-content\/uploads\/2021\/04\/Bildschirmfoto-2021-04-16-um-17.29.52-scaled.jpg\" data-bg=\"p:0% 20%;\" data-no-retina>\n<!---->\t\t\t\t\t\t<\/rs-slide>\n\t\t\t\t\t<\/rs-slides>\n\t\t\t\t\t<rs-static-layers><!--\n\t\t\t\t\t--><\/rs-static-layers>\n\t\t\t\t<\/rs-module>\n\t\t\t\t<script>\n\t\t\t\t\tsetREVStartSize({c: 'rev_slider_15_1',rl:[1240,1240,1240,480],el:[837,837,837,750],gw:[1920,1920,1920,1000],gh:[837,837,837,750],type:'standard',justify:'',layout:'fullwidth',mh:\"0\"});if (window.RS_MODULES!==undefined && window.RS_MODULES.modules!==undefined && window.RS_MODULES.modules[\"revslider151\"]!==undefined) {window.RS_MODULES.modules[\"revslider151\"].once = false;window.revapi15 = undefined;if (window.RS_MODULES.checkMinimal!==undefined) window.RS_MODULES.checkMinimal()}\n\t\t\t\t<\/script>\n\t\t\t<\/rs-module-wrap>\n\t\t\t<!-- END REVOLUTION SLIDER -->\n[\/vc_column][\/vc_row][vc_row gap=&#8221;35&#8243;][vc_column][vc_empty_space height=&#8221;60px&#8221; alter_height=&#8221;large&#8221; hide_on_mobile=&#8221;&#8221;][vc_column_text]<\/p>\n<h6 class=\"abstandoben\"><strong><span style=\"color: #e5553f;\">Anniversaire en 2020 &#8211; 50 ans de ZEN SHIN Biel-Bienne<\/span><\/strong><\/h6>\n<h2 class=\"rokk\"><strong>Histoire du dojo<\/strong><\/h2>\n<p>[\/vc_column_text][vc_empty_space alter_height=&#8221;small&#8221; hide_on_mobile=&#8221;&#8221;][\/vc_column][\/vc_row][vc_row full_height=&#8221;yes&#8221; content_placement=&#8221;top&#8221;][vc_column width=&#8221;1\/2&#8243;][vc_empty_space alter_height=&#8221;small&#8221; hide_on_mobile=&#8221;&#8221;][vc_column_text]Le Karat\u00e9-Do Biel-Bienne a \u00e9t\u00e9 fond\u00e9 par Salvatore Sigill\u00f2 il y a 50 ans. La premi\u00e8re \u00e9cole de karat\u00e9 en Z\u00e9lande est maintenant devenue un centre diversifi\u00e9 d&#8217;arts martiaux et de sant\u00e9 sous le nom de ZEN SHIN. Celui-ci enseigne \u00e0 ses \u00e9l\u00e8ves tous les aspects des arts martiaux \u00e0 la General-Dufourstrasse 102a \u00e0 Bienne. Cela comprend, entre autres, le contr\u00f4le du corps, le d\u00e9veloppement de la personnalit\u00e9, l&#8217;autod\u00e9fense et la pr\u00e9paration aux comp\u00e9titions.<\/p>\n<p>Le ZEN SHIN est dirig\u00e9 par Dominique Sigill\u00f2 depuis 1992. Dominique Sigill\u00f2 a commenc\u00e9 par le judo lorsque Karat\u00e9-Do Biel-Biennel a ouvert un d\u00e9partement junior en 1972, il est pass\u00e9 au karat\u00e9. Dominique Sigill\u00f2 a v\u00e9cu sous la direction de son p\u00e8re Salvatore, avec ses s\u0153urs Bellinda et Manya, \u00e9galement devenues karat\u00e9ka, comment l&#8217;\u00e9cole de karat\u00e9 s&#8217;est d\u00e9velopp\u00e9e en une \u00e9cole de combat diversifi\u00e9e.<\/p>\n<p>Cinq ans seulement apr\u00e8s la fondation du Karat\u00e9-Do Biel-Bienne, un deuxi\u00e8me sport \u00e9tait propos\u00e9 avec le kick-boxing. Dans cette discipline, le ZEN SHIN a f\u00eat\u00e9 son plus grand succ\u00e8s sur l&#8217;aire de comp\u00e9tition. Le Z\u00e9landais Hermann M\u00fchlheim a \u00e9t\u00e9 champion du monde en 1993 et \u200b\u200b1995, en 1996 il a remport\u00e9 l&#8217;or au championnat d&#8217;Europe. Aujourd&#8217;hui, il est instructeur de kick-boxing et transmet ses connaissances au ZEN SHIN \u00e0 Bienne.<\/p>\n<p>Avec Christoph K\u00e4ser et Samuel Massa comme champions suisses, de jeunes et talentueux kickboxeurs ont suivi les traces de leur instructeur dans cette discipline.<\/p>\n<p>Parce que Karat\u00e9-Do Biel-Bienne ne voulait pas se limiter au karat\u00e9 et au kick-boxing, ZEN SHIN a \u00e9t\u00e9 fond\u00e9e en 1993 et \u200b\u200bDominique Sigill\u00f2 a repris la gestion du centre, qui est depuis situ\u00e9 sur la General-Dufourstrasse apr\u00e8s divers autres emplacements. \u00e0 Bienne et Nidau \u200b\u200best chez lui. Environ 300 membres ont assist\u00e9 au Zen Shin \u00e0 cette \u00e9poque. Au cours des ann\u00e9es 1990, le nombre d&#8217;artistes martiaux est m\u00eame pass\u00e9 \u00e0 350. Une bonne moiti\u00e9 d&#8217;entre eux ont moins de 20 ans. Environ un membre du ZEN SHIN sur dix participe \u00e9galement \u00e0 des comp\u00e9titions. Et ce avec beaucoup de succ\u00e8s, que ce soit en karat\u00e9 ou en kick-boxing.[\/vc_column_text][\/vc_column][vc_column width=&#8221;1\/2&#8243;][vc_empty_space alter_height=&#8221;small&#8221; hide_on_mobile=&#8221;&#8221;][vc_images_carousel images=&#8221;6169,6170,6171&#8243; img_size=&#8221;400&#215;600&#8243; speed=&#8221;3000&#8243; autoplay=&#8221;yes&#8221; hide_prev_next_buttons=&#8221;yes&#8221; wrap=&#8221;yes&#8221;][vc_empty_space alter_height=&#8221;large&#8221; hide_on_mobile=&#8221;&#8221;][vc_images_carousel images=&#8221;6172,6528,6531&#8243; img_size=&#8221;400&#215;250&#8243; speed=&#8221;3000&#8243; autoplay=&#8221;yes&#8221; hide_prev_next_buttons=&#8221;yes&#8221; wrap=&#8221;yes&#8221;][\/vc_column][\/vc_row][vc_row][vc_column][vc_column_text]<\/p>\n<h5><strong>\u00abNous avons des athl\u00e8tes qui s&#8217;entra\u00eenent tous les jours. Certains m\u00eame deux fois par jour.&#8221;<\/strong><\/h5>\n<p>[\/vc_column_text][vc_empty_space height=&#8221;60px&#8221; hide_on_mobile=&#8221;&#8221;][vc_column_text]Le palmar\u00e8s de Dominique Sigill\u00f2, ancien membre de l&#8217;\u00e9quipe nationale suisse, comprend dix titres nationaux dans les disciplines de karat\u00e9 Kata et Kumite. Il a c\u00e9l\u00e9br\u00e9 son plus grand succ\u00e8s en 1984 lorsqu&#8217;il est devenu vice-champion du monde de Kumit\u00e9. Sept ans plus tard, il remporte la m\u00e9daille d&#8217;argent dans la m\u00eame cat\u00e9gorie aux Championnats d&#8217;Europe. Un an plus tard, il est de nouveau mont\u00e9 sur le podium aux championnats continentaux avec la 3e place et une saison plus tard, il a remport\u00e9 le bronze dans la comp\u00e9tition par \u00e9quipes &#8211; il a \u00e9galement c\u00e9l\u00e9br\u00e9 les deux succ\u00e8s dans le Kumit\u00e9. Champion d&#8217;Europe Junior en 1985 (Kumit\u00e9) et membre de la Commission Technique et superviseur de la Karate World Association WKF.[\/vc_column_text][\/vc_column][\/vc_row][vc_row][vc_column][vc_empty_space height=&#8221;60px&#8221; alter_height=&#8221;large&#8221; hide_on_mobile=&#8221;&#8221;][\/vc_column][\/vc_row][vc_row][vc_column width=&#8221;1\/2&#8243;]<a href=\"\/wp-content\/uploads\/2021\/10\/50Jahre01-1.png\" class=\"cq-videocover-lightbox\" data-lightbox-gallery=\"\" data-videowidth=\"\" title=\"\"><div class=\"cq-videocover \" data-iconsize=\"\" data-iconbgsize=\"\" data-iconcolor=\"\" data-iconbgcolor=\"\" data-tooltip=\"\" data-iconposition=\"center\"><img decoding=\"async\" src=\"https:\/\/zenshin.ch\/wp-content\/uploads\/2021\/10\/50Jahre01-1.png\" alt=\"\" class=\"cq-videocover-img square\"  \/><div class=\"cq-videocover-iconcontainer circle icon-center\"><i class=\"cq-videocover-icon fa fa-youtube-play\"><\/i><\/div><\/div><\/a>[\/vc_column][vc_column width=&#8221;1\/2&#8243;]<a href=\"wp-content\/uploads\/2021\/10\/50Jahre02-3.png\" class=\"cq-videocover-lightbox\" data-lightbox-gallery=\"\" data-videowidth=\"\" title=\"\"><div class=\"cq-videocover \" data-iconsize=\"\" data-iconbgsize=\"\" data-iconcolor=\"\" data-iconbgcolor=\"\" data-tooltip=\"\" data-iconposition=\"center\"><img decoding=\"async\" src=\"https:\/\/zenshin.ch\/wp-content\/uploads\/2021\/10\/50Jahre02-3.png\" alt=\"\" class=\"cq-videocover-img square\"  \/><div class=\"cq-videocover-iconcontainer circle icon-center\"><i class=\"cq-videocover-icon fa fa-youtube-play\"><\/i><\/div><\/div><\/a>[\/vc_column][\/vc_row][vc_row][vc_column][vc_empty_space alter_height=&#8221;none&#8221; hide_on_mobile=&#8221;&#8221;][\/vc_column][\/vc_row][vc_row][vc_column width=&#8221;1\/2&#8243;]<a href=\"\/wp-content\/uploads\/2021\/10\/50Jahre03.png\" class=\"cq-videocover-lightbox\" data-lightbox-gallery=\"\" data-videowidth=\"\" title=\"\"><div class=\"cq-videocover \" data-iconsize=\"\" data-iconbgsize=\"\" data-iconcolor=\"\" data-iconbgcolor=\"\" data-tooltip=\"\" data-iconposition=\"center\"><img decoding=\"async\" src=\"https:\/\/zenshin.ch\/wp-content\/uploads\/2021\/10\/50Jahre03.png\" alt=\"\" class=\"cq-videocover-img square\"  \/><div class=\"cq-videocover-iconcontainer circle icon-center\"><i class=\"cq-videocover-icon fa fa-youtube-play\"><\/i><\/div><\/div><\/a>[\/vc_column][vc_column width=&#8221;1\/2&#8243;]<a href=\"\/wp-content\/uploads\/2021\/10\/50Jahre04.png\" class=\"cq-videocover-lightbox\" data-lightbox-gallery=\"\" data-videowidth=\"\" title=\"\"><div class=\"cq-videocover \" data-iconsize=\"\" data-iconbgsize=\"\" data-iconcolor=\"\" data-iconbgcolor=\"\" data-tooltip=\"\" data-iconposition=\"center\"><img decoding=\"async\" src=\"https:\/\/zenshin.ch\/wp-content\/uploads\/2021\/10\/50Jahre04.png\" alt=\"\" class=\"cq-videocover-img square\"  \/><div class=\"cq-videocover-iconcontainer circle icon-center\"><i class=\"cq-videocover-icon fa fa-youtube-play\"><\/i><\/div><\/div><\/a>[\/vc_column][\/vc_row][vc_row][vc_column][vc_empty_space alter_height=&#8221;none&#8221; hide_on_mobile=&#8221;&#8221;][\/vc_column][\/vc_row][vc_row][vc_column][vc_video link=&#8221;https:\/\/www.youtube.com\/watch?v=6-AGO5qjSNo&#8221; align=&#8221;center&#8221;][vc_empty_space alter_height=&#8221;none&#8221; hide_on_mobile=&#8221;&#8221;][\/vc_column][\/vc_row][vc_row full_width=&#8221;stretch_row_content_no_spaces&#8221;][vc_column][vc_empty_space hide_on_mobile=&#8221;&#8221;][vc_empty_space height=&#8221;5px&#8221; alter_height=&#8221;none&#8221; hide_on_mobile=&#8221;&#8221; css=&#8221;.vc_custom_1628057725698{background-color: #e5553f !important;}&#8221;][\/vc_column][\/vc_row]<\/p>\n<\/section>","protected":false},"excerpt":{"rendered":"<p>[vc_row][vc_column][\/vc_column][\/vc_row][vc_row gap=&#8221;35&#8243;][vc_column][vc_empty_space height=&#8221;60px&#8221; alter_height=&#8221;large&#8221; hide_on_mobile=&#8221;&#8221;][vc_column_text] Anniversaire en 2020 &#8211; 50 ans de ZEN SHIN Biel-Bienne Histoire du dojo [\/vc_column_text][vc_empty_space alter_height=&#8221;small&#8221; hide_on_mobile=&#8221;&#8221;][\/vc_column][\/vc_row][vc_row full_height=&#8221;yes&#8221; content_placement=&#8221;top&#8221;][vc_column width=&#8221;1\/2&#8243;][vc_empty_space alter_height=&#8221;small&#8221; hide_on_mobile=&#8221;&#8221;][vc_column_text]Le Karat\u00e9-Do Biel-Bienne a \u00e9t\u00e9 fond\u00e9 par Salvatore Sigill\u00f2 il y a 50 ans. La premi\u00e8re \u00e9cole de karat\u00e9 en Z\u00e9lande est maintenant devenue un centre diversifi\u00e9 d&#8217;arts martiaux et de sant\u00e9 sous le nom&hellip;<\/p>\n","protected":false},"author":1,"featured_media":0,"parent":0,"menu_order":0,"comment_status":"closed","ping_status":"closed","template":"","meta":{"footnotes":""},"class_list":["post-8119","page","type-page","status-publish","hentry"],"_links":{"self":[{"href":"https:\/\/zenshin.ch\/fr\/wp-json\/wp\/v2\/pages\/8119","targetHints":{"allow":["GET"]}}],"collection":[{"href":"https:\/\/zenshin.ch\/fr\/wp-json\/wp\/v2\/pages"}],"about":[{"href":"https:\/\/zenshin.ch\/fr\/wp-json\/wp\/v2\/types\/page"}],"author":[{"embeddable":true,"href":"https:\/\/zenshin.ch\/fr\/wp-json\/wp\/v2\/users\/1"}],"replies":[{"embeddable":true,"href":"https:\/\/zenshin.ch\/fr\/wp-json\/wp\/v2\/comments?post=8119"}],"version-history":[{"count":17,"href":"https:\/\/zenshin.ch\/fr\/wp-json\/wp\/v2\/pages\/8119\/revisions"}],"predecessor-version":[{"id":8704,"href":"https:\/\/zenshin.ch\/fr\/wp-json\/wp\/v2\/pages\/8119\/revisions\/8704"}],"wp:attachment":[{"href":"https:\/\/zenshin.ch\/fr\/wp-json\/wp\/v2\/media?parent=8119"}],"curies":[{"name":"wp","href":"https:\/\/api.w.org\/{rel}","templated":true}]}}

<section class="wpb-content-wrapper"><p>[vc_row][vc_column]
			<!-- START Geschichte Dojo REVOLUTION SLIDER 6.6.13 --><p class="rs-p-wp-fix"></p>
			<rs-module-wrap id="rev_slider_15_1_wrapper" data-source="gallery" style="visibility:hidden;background:transparent;padding:0;margin:0px auto;margin-top:0;margin-bottom:0;">
				<rs-module id="rev_slider_15_1" style="" data-version="6.6.13">
					<rs-slides style="overflow: hidden; position: absolute;">
						<rs-slide style="position: absolute;" data-key="rs-81" data-title="Slide" data-anim="adpr:false;" data-in="x:100%;" data-out="a:false;" data-alttrans="fade">
							<img decoding="async" src="//zenshin.ch/wp-content/plugins/revslider/public/assets/assets/dummy.png" alt="" title="ZEN SHIN Karate-Do Gruppenbild 80er Jahre" width="2560" height="1710" class="rev-slidebg tp-rs-img rs-lazyload" data-lazyload="//zenshin.ch/wp-content/uploads/2021/04/Bildschirmfoto-2021-04-16-um-17.29.52-scaled.jpg" data-bg="p:0% 20%;" data-no-retina>
<!---->						</rs-slide>
					</rs-slides>
					<rs-static-layers><!--
					--></rs-static-layers>
				</rs-module>
				<script>
					setREVStartSize({c: 'rev_slider_15_1',rl:[1240,1240,1240,480],el:[837,837,837,750],gw:[1920,1920,1920,1000],gh:[837,837,837,750],type:'standard',justify:'',layout:'fullwidth',mh:"0"});if (window.RS_MODULES!==undefined && window.RS_MODULES.modules!==undefined && window.RS_MODULES.modules["revslider151"]!==undefined) {window.RS_MODULES.modules["revslider151"].once = false;window.revapi15 = undefined;if (window.RS_MODULES.checkMinimal!==undefined) window.RS_MODULES.checkMinimal()}
				</script>
			</rs-module-wrap>
			<!-- END REVOLUTION SLIDER -->
[/vc_column][/vc_row][vc_row gap=&#8221;35&#8243;][vc_column][vc_empty_space height=&#8221;60px&#8221; alter_height=&#8221;large&#8221; hide_on_mobile=&#8221;&#8221;][vc_column_text]</p>
<h6 class="abstandoben"><strong><span style="color: #e5553f;">Anniversaire en 2020 &#8211; 50 ans de ZEN SHIN Biel-Bienne</span></strong></h6>
<h2 class="rokk"><strong>Histoire du dojo</strong></h2>
<p>[/vc_column_text][vc_empty_space alter_height=&#8221;small&#8221; hide_on_mobile=&#8221;&#8221;][/vc_column][/vc_row][vc_row full_height=&#8221;yes&#8221; content_placement=&#8221;top&#8221;][vc_column width=&#8221;1/2&#8243;][vc_empty_space alter_height=&#8221;small&#8221; hide_on_mobile=&#8221;&#8221;][vc_column_text]Le Karaté-Do Biel-Bienne a été fondé par Salvatore Sigillò il y a 50 ans. La première école de karaté en Zélande est maintenant devenue un centre diversifié d&#8217;arts martiaux et de santé sous le nom de ZEN SHIN. Celui-ci enseigne à ses élèves tous les aspects des arts martiaux à la General-Dufourstrasse 102a à Bienne. Cela comprend, entre autres, le contrôle du corps, le développement de la personnalité, l&#8217;autodéfense et la préparation aux compétitions.</p>
<p>Le ZEN SHIN est dirigé par Dominique Sigillò depuis 1992. Dominique Sigillò a commencé par le judo lorsque Karaté-Do Biel-Biennel a ouvert un département junior en 1972, il est passé au karaté. Dominique Sigillò a vécu sous la direction de son père Salvatore, avec ses sœurs Bellinda et Manya, également devenues karatéka, comment l&#8217;école de karaté s&#8217;est développée en une école de combat diversifiée.</p>
<p>Cinq ans seulement après la fondation du Karaté-Do Biel-Bienne, un deuxième sport était proposé avec le kick-boxing. Dans cette discipline, le ZEN SHIN a fêté son plus grand succès sur l&#8217;aire de compétition. Le Zélandais Hermann Mühlheim a été champion du monde en 1993 et ​​1995, en 1996 il a remporté l&#8217;or au championnat d&#8217;Europe. Aujourd&#8217;hui, il est instructeur de kick-boxing et transmet ses connaissances au ZEN SHIN à Bienne.</p>
<p>Avec Christoph Käser et Samuel Massa comme champions suisses, de jeunes et talentueux kickboxeurs ont suivi les traces de leur instructeur dans cette discipline.</p>
<p>Parce que Karaté-Do Biel-Bienne ne voulait pas se limiter au karaté et au kick-boxing, ZEN SHIN a été fondée en 1993 et ​​Dominique Sigillò a repris la gestion du centre, qui est depuis situé sur la General-Dufourstrasse après divers autres emplacements. à Bienne et Nidau ​​est chez lui. Environ 300 membres ont assisté au Zen Shin à cette époque. Au cours des années 1990, le nombre d&#8217;artistes martiaux est même passé à 350. Une bonne moitié d&#8217;entre eux ont moins de 20 ans. Environ un membre du ZEN SHIN sur dix participe également à des compétitions. Et ce avec beaucoup de succès, que ce soit en karaté ou en kick-boxing.[/vc_column_text][/vc_column][vc_column width=&#8221;1/2&#8243;][vc_empty_space alter_height=&#8221;small&#8221; hide_on_mobile=&#8221;&#8221;][vc_images_carousel images=&#8221;6169,6170,6171&#8243; img_size=&#8221;400&#215;600&#8243; speed=&#8221;3000&#8243; autoplay=&#8221;yes&#8221; hide_prev_next_buttons=&#8221;yes&#8221; wrap=&#8221;yes&#8221;][vc_empty_space alter_height=&#8221;large&#8221; hide_on_mobile=&#8221;&#8221;][vc_images_carousel images=&#8221;6172,6528,6531&#8243; img_size=&#8221;400&#215;250&#8243; speed=&#8221;3000&#8243; autoplay=&#8221;yes&#8221; hide_prev_next_buttons=&#8221;yes&#8221; wrap=&#8221;yes&#8221;][/vc_column][/vc_row][vc_row][vc_column][vc_column_text]</p>
<h5><strong>«Nous avons des athlètes qui s&#8217;entraînent tous les jours. Certains même deux fois par jour.&#8221;</strong></h5>
<p>[/vc_column_text][vc_empty_space height=&#8221;60px&#8221; hide_on_mobile=&#8221;&#8221;][vc_column_text]Le palmarès de Dominique Sigillò, ancien membre de l&#8217;équipe nationale suisse, comprend dix titres nationaux dans les disciplines de karaté Kata et Kumite. Il a célébré son plus grand succès en 1984 lorsqu&#8217;il est devenu vice-champion du monde de Kumité. Sept ans plus tard, il remporte la médaille d&#8217;argent dans la même catégorie aux Championnats d&#8217;Europe. Un an plus tard, il est de nouveau monté sur le podium aux championnats continentaux avec la 3e place et une saison plus tard, il a remporté le bronze dans la compétition par équipes &#8211; il a également célébré les deux succès dans le Kumité. Champion d&#8217;Europe Junior en 1985 (Kumité) et membre de la Commission Technique et superviseur de la Karate World Association WKF.[/vc_column_text][/vc_column][/vc_row][vc_row][vc_column][vc_empty_space height=&#8221;60px&#8221; alter_height=&#8221;large&#8221; hide_on_mobile=&#8221;&#8221;][/vc_column][/vc_row][vc_row][vc_column width=&#8221;1/2&#8243;]<a href="/wp-content/uploads/2021/10/50Jahre01-1.png" class="cq-videocover-lightbox" data-lightbox-gallery="" data-videowidth="" title=""><div class="cq-videocover " data-iconsize="" data-iconbgsize="" data-iconcolor="" data-iconbgcolor="" data-tooltip="" data-iconposition="center"><img decoding="async" src="https://zenshin.ch/wp-content/uploads/2021/10/50Jahre01-1.png" alt="" class="cq-videocover-img square"  /><div class="cq-videocover-iconcontainer circle icon-center"><i class="cq-videocover-icon fa fa-youtube-play"></i></div></div></a>[/vc_column][vc_column width=&#8221;1/2&#8243;]<a href="wp-content/uploads/2021/10/50Jahre02-3.png" class="cq-videocover-lightbox" data-lightbox-gallery="" data-videowidth="" title=""><div class="cq-videocover " data-iconsize="" data-iconbgsize="" data-iconcolor="" data-iconbgcolor="" data-tooltip="" data-iconposition="center"><img decoding="async" src="https://zenshin.ch/wp-content/uploads/2021/10/50Jahre02-3.png" alt="" class="cq-videocover-img square"  /><div class="cq-videocover-iconcontainer circle icon-center"><i class="cq-videocover-icon fa fa-youtube-play"></i></div></div></a>[/vc_column][/vc_row][vc_row][vc_column][vc_empty_space alter_height=&#8221;none&#8221; hide_on_mobile=&#8221;&#8221;][/vc_column][/vc_row][vc_row][vc_column width=&#8221;1/2&#8243;]<a href="/wp-content/uploads/2021/10/50Jahre03.png" class="cq-videocover-lightbox" data-lightbox-gallery="" data-videowidth="" title=""><div class="cq-videocover " data-iconsize="" data-iconbgsize="" data-iconcolor="" data-iconbgcolor="" data-tooltip="" data-iconposition="center"><img decoding="async" src="https://zenshin.ch/wp-content/uploads/2021/10/50Jahre03.png" alt="" class="cq-videocover-img square"  /><div class="cq-videocover-iconcontainer circle icon-center"><i class="cq-videocover-icon fa fa-youtube-play"></i></div></div></a>[/vc_column][vc_column width=&#8221;1/2&#8243;]<a href="/wp-content/uploads/2021/10/50Jahre04.png" class="cq-videocover-lightbox" data-lightbox-gallery="" data-videowidth="" title=""><div class="cq-videocover " data-iconsize="" data-iconbgsize="" data-iconcolor="" data-iconbgcolor="" data-tooltip="" data-iconposition="center"><img decoding="async" src="https://zenshin.ch/wp-content/uploads/2021/10/50Jahre04.png" alt="" class="cq-videocover-img square"  /><div class="cq-videocover-iconcontainer circle icon-center"><i class="cq-videocover-icon fa fa-youtube-play"></i></div></div></a>[/vc_column][/vc_row][vc_row][vc_column][vc_empty_space alter_height=&#8221;none&#8221; hide_on_mobile=&#8221;&#8221;][/vc_column][/vc_row][vc_row][vc_column][vc_video link=&#8221;https://www.youtube.com/watch?v=6-AGO5qjSNo&#8221; align=&#8221;center&#8221;][vc_empty_space alter_height=&#8221;none&#8221; hide_on_mobile=&#8221;&#8221;][/vc_column][/vc_row][vc_row full_width=&#8221;stretch_row_content_no_spaces&#8221;][vc_column][vc_empty_space hide_on_mobile=&#8221;&#8221;][vc_empty_space height=&#8221;5px&#8221; alter_height=&#8221;none&#8221; hide_on_mobile=&#8221;&#8221; css=&#8221;.vc_custom_1628057725698{background-color: #e5553f !important;}&#8221;][/vc_column][/vc_row]</p>
</section>

<p>[vc_row][vc_column][/vc_column][/vc_row][vc_row gap=&#8221;35&#8243;][vc_column][vc_empty_space height=&#8221;60px&#8221; alter_height=&#8221;large&#8221; hide_on_mobile=&#8221;&#8221;][vc_column_text] Anniversaire en 2020 &#8211; 50 ans de ZEN SHIN Biel-Bienne Histoire du dojo [/vc_column_text][vc_empty_space alter_height=&#8221;small&#8221; hide_on_mobile=&#8221;&#8221;][/vc_column][/vc_row][vc_row full_height=&#8221;yes&#8221; content_placement=&#8221;top&#8221;][vc_column width=&#8221;1/2&#8243;][vc_empty_space alter_height=&#8221;small&#8221; hide_on_mobile=&#8221;&#8221;][vc_column_text]Le Karaté-Do Biel-Bienne a été fondé par Salvatore Sigillò il y a 50 ans. La première école de karaté en Zélande est maintenant devenue un centre diversifié d&#8217;arts martiaux et de santé sous le nom&hellip;</p>
