

{"id":7884,"date":"2021-04-14T10:24:27","date_gmt":"2021-04-14T08:24:27","guid":{"rendered":"https:\/\/zenshin.aarbeta.ch\/index.php\/ehrenmitglieder\/"},"modified":"2021-10-30T21:14:26","modified_gmt":"2021-10-30T19:14:26","slug":"ehrenmitglieder","status":"publish","type":"page","link":"https:\/\/zenshin.ch\/fr\/ehrenmitglieder\/","title":{"rendered":"Member d\u2019honneur"},"content":{"rendered":"<section class=\"wpb-content-wrapper\"><p>[vc_row full_width=&#8221;stretch_row_content_no_spaces&#8221;][vc_column]\n\t\t\t<!-- START Ehrenmitglieder REVOLUTION SLIDER 6.6.13 --><p class=\"rs-p-wp-fix\"><\/p>\n\t\t\t<rs-module-wrap id=\"rev_slider_14_1_wrapper\" data-source=\"gallery\" style=\"visibility:hidden;background:transparent;padding:0;margin:0px auto;margin-top:0;margin-bottom:0;\">\n\t\t\t\t<rs-module id=\"rev_slider_14_1\" style=\"\" data-version=\"6.6.13\">\n\t\t\t\t\t<rs-slides style=\"overflow: hidden; position: absolute;\">\n\t\t\t\t\t\t<rs-slide style=\"position: absolute;\" data-key=\"rs-69\" data-title=\"Slide\" data-anim=\"adpr:false;\" data-in=\"x:100%;\" data-out=\"a:false;\" data-alttrans=\"fade\">\n\t\t\t\t\t\t\t<img decoding=\"async\" src=\"\/\/zenshin.ch\/wp-content\/plugins\/revslider\/public\/assets\/assets\/dummy.png\" alt=\"\" title=\"ZEN SHIN Karate-Do Gruppenbild 70er Jahre\" width=\"1902\" height=\"1002\" class=\"rev-slidebg tp-rs-img rs-lazyload\" data-lazyload=\"\/\/zenshin.ch\/wp-content\/uploads\/2021\/04\/Bildschirmfoto-2021-04-16-um-17.35.17.png\" data-bg=\"p:0% 30%;\" data-no-retina>\n<!---->\t\t\t\t\t\t<\/rs-slide>\n\t\t\t\t\t<\/rs-slides>\n\t\t\t\t\t<rs-static-layers><!--\n\t\t\t\t\t--><\/rs-static-layers>\n\t\t\t\t<\/rs-module>\n\t\t\t\t<script>\n\t\t\t\t\tsetREVStartSize({c: 'rev_slider_14_1',rl:[1240,1240,1240,480],el:[837,837,837,750],gw:[1920,1920,1920,1000],gh:[837,837,837,750],type:'standard',justify:'',layout:'fullwidth',mh:\"0\"});if (window.RS_MODULES!==undefined && window.RS_MODULES.modules!==undefined && window.RS_MODULES.modules[\"revslider141\"]!==undefined) {window.RS_MODULES.modules[\"revslider141\"].once = false;window.revapi14 = undefined;if (window.RS_MODULES.checkMinimal!==undefined) window.RS_MODULES.checkMinimal()}\n\t\t\t\t<\/script>\n\t\t\t<\/rs-module-wrap>\n\t\t\t<!-- END REVOLUTION SLIDER -->\n[\/vc_column][\/vc_row][vc_row gap=&#8221;35&#8243;][vc_column][vc_empty_space height=&#8221;60px&#8221; alter_height=&#8221;large&#8221; hide_on_mobile=&#8221;&#8221;][\/vc_column][\/vc_row][vc_row][vc_column][vc_column_text]<\/p>\n<h6 class=\"abstandoben\"><strong><span style=\"color: #e5553f;\">Nos chers<\/span><\/strong><\/h6>\n<h2 class=\"rokk\"><strong>Membres d&#8217;honneur<br \/>\n<\/strong><\/h2>\n<p>[\/vc_column_text][\/vc_column][\/vc_row][vc_row gap=&#8221;35&#8243;][vc_column][vc_empty_space height=&#8221;60px&#8221; alter_height=&#8221;large&#8221; hide_on_mobile=&#8221;&#8221;][\/vc_column][\/vc_row][vc_row][vc_column width=&#8221;1\/2&#8243;][vc_single_image image=&#8221;6217&#8243; img_size=&#8221;500&#215;800&#8243; alignment=&#8221;right&#8221;][\/vc_column][vc_column width=&#8221;1\/2&#8243;][vc_empty_space alter_height=&#8221;medium&#8221; hide_on_mobile=&#8221;&#8221;][vc_column_text]<\/p>\n<h6 class=\"abstandoben\"><strong><span style=\"color: #e5553f;\">Membre d&#8217;honneur depuit 2016<\/span><\/strong><\/h6>\n<h5><strong>Salvatore Sigill\u00f2<br \/>\n<\/strong><\/h5>\n<p>3e Dan Karat\u00e9-Do<\/p>\n<p>Fondateur de Karat\u00e9-Do Biel-Bienne, Grenchen, Soleure et St.Blaise (Neuch\u00e2tel) dans les ann\u00e9es 1970<br \/>\nPionnier du Karat\u00e9 en Suisse[\/vc_column_text][\/vc_column][\/vc_row][vc_row][vc_column][vc_empty_space alter_height=&#8221;large&#8221; hide_on_mobile=&#8221;&#8221;][\/vc_column][\/vc_row][vc_row][vc_column width=&#8221;1\/2&#8243;][vc_single_image image=&#8221;6220&#8243; img_size=&#8221;500&#215;800&#8243; alignment=&#8221;right&#8221;][\/vc_column][vc_column width=&#8221;1\/2&#8243;][vc_empty_space alter_height=&#8221;medium&#8221; hide_on_mobile=&#8221;&#8221;][vc_column_text]<\/p>\n<h6 class=\"abstandoben\"><strong><span style=\"color: #e5553f;\">Membre d&#8217;honneur depuit 2017<\/span><\/strong><\/h6>\n<h5><strong>Hermann M\u00fchlheim<br \/>\n<\/strong><\/h5>\n<p>5e MG Instructeur Kick-Boxing<br \/>\n3e Dan Karat\u00e9-Do<\/p>\n<p>2 fois champion du monde de Kick-Boxing et champion d&#8217;Europe WAKO[\/vc_column_text][\/vc_column][\/vc_row][vc_row][vc_column][vc_empty_space alter_height=&#8221;large&#8221; hide_on_mobile=&#8221;&#8221;][\/vc_column][\/vc_row][vc_row][vc_column width=&#8221;1\/2&#8243;][vc_single_image image=&#8221;6218&#8243; img_size=&#8221;500&#215;800&#8243; alignment=&#8221;right&#8221;][\/vc_column][vc_column width=&#8221;1\/2&#8243;][vc_empty_space alter_height=&#8221;medium&#8221; hide_on_mobile=&#8221;&#8221;][vc_column_text]<\/p>\n<h6 class=\"abstandoben\"><strong><span style=\"color: #e5553f;\">Membre d&#8217;honneur depuit 2016<\/span><\/strong><\/h6>\n<h5><strong>Viktor Furrer<\/strong><\/h5>\n<p>Instructeur principal Krav-Maga Auto-D\u00e9fense<br \/>\n2e Dan Karat\u00e9-Do SKF[\/vc_column_text][\/vc_column][\/vc_row][vc_row][vc_column][vc_empty_space alter_height=&#8221;huge&#8221; hide_on_mobile=&#8221;&#8221;][\/vc_column][\/vc_row][vc_row][vc_column width=&#8221;1\/2&#8243;][vc_single_image image=&#8221;6219&#8243; img_size=&#8221;500&#215;800&#8243; alignment=&#8221;right&#8221;][\/vc_column][vc_column width=&#8221;1\/2&#8243;][vc_empty_space alter_height=&#8221;medium&#8221; hide_on_mobile=&#8221;&#8221;][vc_column_text]<\/p>\n<h6 class=\"abstandoben\"><strong><span style=\"color: #e5553f;\">Membre d&#8217;honneur depuit 2016<\/span><\/strong><\/h6>\n<h5><strong>Marlies\u00a0Furrer<\/strong><\/h5>\n<p>Instructeur Krav-Maga Auto-D\u00e9fense[\/vc_column_text][\/vc_column][\/vc_row][vc_row][vc_column][vc_empty_space alter_height=&#8221;large&#8221; hide_on_mobile=&#8221;&#8221;][\/vc_column][\/vc_row][vc_row][vc_column width=&#8221;1\/2&#8243;][vc_single_image image=&#8221;6221&#8243; img_size=&#8221;500&#215;800&#8243; alignment=&#8221;right&#8221;][\/vc_column][vc_column width=&#8221;1\/2&#8243;][vc_empty_space alter_height=&#8221;medium&#8221; hide_on_mobile=&#8221;&#8221;][vc_column_text]<\/p>\n<h6 class=\"abstandoben\"><strong><span style=\"color: #e5553f;\">Ehrenmitglied seit 2017<\/span><\/strong><\/h6>\n<h5><strong>J\u00fcrg Marc Leuenberger<\/strong><\/h5>\n<p>3e MG Instructeur Kick-Boxing[\/vc_column_text][\/vc_column][\/vc_row][vc_row full_width=&#8221;stretch_row_content_no_spaces&#8221;][vc_column scheme=&#8221;dark&#8221;][vc_empty_space height=&#8221;5px&#8221; alter_height=&#8221;large&#8221; hide_on_mobile=&#8221;&#8221; css=&#8221;.vc_custom_1628516135182{background-color: #000000 !important;}&#8221;][\/vc_column][\/vc_row]<\/p>\n<\/section>","protected":false},"excerpt":{"rendered":"<p>[vc_row full_width=&#8221;stretch_row_content_no_spaces&#8221;][vc_column][\/vc_column][\/vc_row][vc_row gap=&#8221;35&#8243;][vc_column][vc_empty_space height=&#8221;60px&#8221; alter_height=&#8221;large&#8221; hide_on_mobile=&#8221;&#8221;][\/vc_column][\/vc_row][vc_row][vc_column][vc_column_text] Nos chers Membres d&#8217;honneur [\/vc_column_text][\/vc_column][\/vc_row][vc_row gap=&#8221;35&#8243;][vc_column][vc_empty_space height=&#8221;60px&#8221; alter_height=&#8221;large&#8221; hide_on_mobile=&#8221;&#8221;][\/vc_column][\/vc_row][vc_row][vc_column width=&#8221;1\/2&#8243;][vc_single_image image=&#8221;6217&#8243; img_size=&#8221;500&#215;800&#8243; alignment=&#8221;right&#8221;][\/vc_column][vc_column width=&#8221;1\/2&#8243;][vc_empty_space alter_height=&#8221;medium&#8221; hide_on_mobile=&#8221;&#8221;][vc_column_text] Membre d&#8217;honneur depuit 2016 Salvatore Sigill\u00f2 3e Dan Karat\u00e9-Do Fondateur de Karat\u00e9-Do Biel-Bienne, Grenchen, Soleure et St.Blaise (Neuch\u00e2tel) dans les ann\u00e9es 1970 Pionnier du Karat\u00e9 en Suisse[\/vc_column_text][\/vc_column][\/vc_row][vc_row][vc_column][vc_empty_space alter_height=&#8221;large&#8221; hide_on_mobile=&#8221;&#8221;][\/vc_column][\/vc_row][vc_row][vc_column width=&#8221;1\/2&#8243;][vc_single_image image=&#8221;6220&#8243; img_size=&#8221;500&#215;800&#8243; alignment=&#8221;right&#8221;][\/vc_column][vc_column width=&#8221;1\/2&#8243;][vc_empty_space alter_height=&#8221;medium&#8221; hide_on_mobile=&#8221;&#8221;][vc_column_text] Membre d&#8217;honneur&hellip;<\/p>\n","protected":false},"author":1,"featured_media":0,"parent":0,"menu_order":0,"comment_status":"closed","ping_status":"closed","template":"","meta":{"footnotes":""},"class_list":["post-7884","page","type-page","status-publish","hentry"],"_links":{"self":[{"href":"https:\/\/zenshin.ch\/fr\/wp-json\/wp\/v2\/pages\/7884","targetHints":{"allow":["GET"]}}],"collection":[{"href":"https:\/\/zenshin.ch\/fr\/wp-json\/wp\/v2\/pages"}],"about":[{"href":"https:\/\/zenshin.ch\/fr\/wp-json\/wp\/v2\/types\/page"}],"author":[{"embeddable":true,"href":"https:\/\/zenshin.ch\/fr\/wp-json\/wp\/v2\/users\/1"}],"replies":[{"embeddable":true,"href":"https:\/\/zenshin.ch\/fr\/wp-json\/wp\/v2\/comments?post=7884"}],"version-history":[{"count":12,"href":"https:\/\/zenshin.ch\/fr\/wp-json\/wp\/v2\/pages\/7884\/revisions"}],"predecessor-version":[{"id":8824,"href":"https:\/\/zenshin.ch\/fr\/wp-json\/wp\/v2\/pages\/7884\/revisions\/8824"}],"wp:attachment":[{"href":"https:\/\/zenshin.ch\/fr\/wp-json\/wp\/v2\/media?parent=7884"}],"curies":[{"name":"wp","href":"https:\/\/api.w.org\/{rel}","templated":true}]}}

<section class="wpb-content-wrapper"><p>[vc_row full_width=&#8221;stretch_row_content_no_spaces&#8221;][vc_column]
			<!-- START Ehrenmitglieder REVOLUTION SLIDER 6.6.13 --><p class="rs-p-wp-fix"></p>
			<rs-module-wrap id="rev_slider_14_1_wrapper" data-source="gallery" style="visibility:hidden;background:transparent;padding:0;margin:0px auto;margin-top:0;margin-bottom:0;">
				<rs-module id="rev_slider_14_1" style="" data-version="6.6.13">
					<rs-slides style="overflow: hidden; position: absolute;">
						<rs-slide style="position: absolute;" data-key="rs-69" data-title="Slide" data-anim="adpr:false;" data-in="x:100%;" data-out="a:false;" data-alttrans="fade">
							<img decoding="async" src="//zenshin.ch/wp-content/plugins/revslider/public/assets/assets/dummy.png" alt="" title="ZEN SHIN Karate-Do Gruppenbild 70er Jahre" width="1902" height="1002" class="rev-slidebg tp-rs-img rs-lazyload" data-lazyload="//zenshin.ch/wp-content/uploads/2021/04/Bildschirmfoto-2021-04-16-um-17.35.17.png" data-bg="p:0% 30%;" data-no-retina>
<!---->						</rs-slide>
					</rs-slides>
					<rs-static-layers><!--
					--></rs-static-layers>
				</rs-module>
				<script>
					setREVStartSize({c: 'rev_slider_14_1',rl:[1240,1240,1240,480],el:[837,837,837,750],gw:[1920,1920,1920,1000],gh:[837,837,837,750],type:'standard',justify:'',layout:'fullwidth',mh:"0"});if (window.RS_MODULES!==undefined && window.RS_MODULES.modules!==undefined && window.RS_MODULES.modules["revslider141"]!==undefined) {window.RS_MODULES.modules["revslider141"].once = false;window.revapi14 = undefined;if (window.RS_MODULES.checkMinimal!==undefined) window.RS_MODULES.checkMinimal()}
				</script>
			</rs-module-wrap>
			<!-- END REVOLUTION SLIDER -->
[/vc_column][/vc_row][vc_row gap=&#8221;35&#8243;][vc_column][vc_empty_space height=&#8221;60px&#8221; alter_height=&#8221;large&#8221; hide_on_mobile=&#8221;&#8221;][/vc_column][/vc_row][vc_row][vc_column][vc_column_text]</p>
<h6 class="abstandoben"><strong><span style="color: #e5553f;">Nos chers</span></strong></h6>
<h2 class="rokk"><strong>Membres d&#8217;honneur<br />
</strong></h2>
<p>[/vc_column_text][/vc_column][/vc_row][vc_row gap=&#8221;35&#8243;][vc_column][vc_empty_space height=&#8221;60px&#8221; alter_height=&#8221;large&#8221; hide_on_mobile=&#8221;&#8221;][/vc_column][/vc_row][vc_row][vc_column width=&#8221;1/2&#8243;][vc_single_image image=&#8221;6217&#8243; img_size=&#8221;500&#215;800&#8243; alignment=&#8221;right&#8221;][/vc_column][vc_column width=&#8221;1/2&#8243;][vc_empty_space alter_height=&#8221;medium&#8221; hide_on_mobile=&#8221;&#8221;][vc_column_text]</p>
<h6 class="abstandoben"><strong><span style="color: #e5553f;">Membre d&#8217;honneur depuit 2016</span></strong></h6>
<h5><strong>Salvatore Sigillò<br />
</strong></h5>
<p>3e Dan Karaté-Do</p>
<p>Fondateur de Karaté-Do Biel-Bienne, Grenchen, Soleure et St.Blaise (Neuchâtel) dans les années 1970<br />
Pionnier du Karaté en Suisse[/vc_column_text][/vc_column][/vc_row][vc_row][vc_column][vc_empty_space alter_height=&#8221;large&#8221; hide_on_mobile=&#8221;&#8221;][/vc_column][/vc_row][vc_row][vc_column width=&#8221;1/2&#8243;][vc_single_image image=&#8221;6220&#8243; img_size=&#8221;500&#215;800&#8243; alignment=&#8221;right&#8221;][/vc_column][vc_column width=&#8221;1/2&#8243;][vc_empty_space alter_height=&#8221;medium&#8221; hide_on_mobile=&#8221;&#8221;][vc_column_text]</p>
<h6 class="abstandoben"><strong><span style="color: #e5553f;">Membre d&#8217;honneur depuit 2017</span></strong></h6>
<h5><strong>Hermann Mühlheim<br />
</strong></h5>
<p>5e MG Instructeur Kick-Boxing<br />
3e Dan Karaté-Do</p>
<p>2 fois champion du monde de Kick-Boxing et champion d&#8217;Europe WAKO[/vc_column_text][/vc_column][/vc_row][vc_row][vc_column][vc_empty_space alter_height=&#8221;large&#8221; hide_on_mobile=&#8221;&#8221;][/vc_column][/vc_row][vc_row][vc_column width=&#8221;1/2&#8243;][vc_single_image image=&#8221;6218&#8243; img_size=&#8221;500&#215;800&#8243; alignment=&#8221;right&#8221;][/vc_column][vc_column width=&#8221;1/2&#8243;][vc_empty_space alter_height=&#8221;medium&#8221; hide_on_mobile=&#8221;&#8221;][vc_column_text]</p>
<h6 class="abstandoben"><strong><span style="color: #e5553f;">Membre d&#8217;honneur depuit 2016</span></strong></h6>
<h5><strong>Viktor Furrer</strong></h5>
<p>Instructeur principal Krav-Maga Auto-Défense<br />
2e Dan Karaté-Do SKF[/vc_column_text][/vc_column][/vc_row][vc_row][vc_column][vc_empty_space alter_height=&#8221;huge&#8221; hide_on_mobile=&#8221;&#8221;][/vc_column][/vc_row][vc_row][vc_column width=&#8221;1/2&#8243;][vc_single_image image=&#8221;6219&#8243; img_size=&#8221;500&#215;800&#8243; alignment=&#8221;right&#8221;][/vc_column][vc_column width=&#8221;1/2&#8243;][vc_empty_space alter_height=&#8221;medium&#8221; hide_on_mobile=&#8221;&#8221;][vc_column_text]</p>
<h6 class="abstandoben"><strong><span style="color: #e5553f;">Membre d&#8217;honneur depuit 2016</span></strong></h6>
<h5><strong>Marlies Furrer</strong></h5>
<p>Instructeur Krav-Maga Auto-Défense[/vc_column_text][/vc_column][/vc_row][vc_row][vc_column][vc_empty_space alter_height=&#8221;large&#8221; hide_on_mobile=&#8221;&#8221;][/vc_column][/vc_row][vc_row][vc_column width=&#8221;1/2&#8243;][vc_single_image image=&#8221;6221&#8243; img_size=&#8221;500&#215;800&#8243; alignment=&#8221;right&#8221;][/vc_column][vc_column width=&#8221;1/2&#8243;][vc_empty_space alter_height=&#8221;medium&#8221; hide_on_mobile=&#8221;&#8221;][vc_column_text]</p>
<h6 class="abstandoben"><strong><span style="color: #e5553f;">Ehrenmitglied seit 2017</span></strong></h6>
<h5><strong>Jürg Marc Leuenberger</strong></h5>
<p>3e MG Instructeur Kick-Boxing[/vc_column_text][/vc_column][/vc_row][vc_row full_width=&#8221;stretch_row_content_no_spaces&#8221;][vc_column scheme=&#8221;dark&#8221;][vc_empty_space height=&#8221;5px&#8221; alter_height=&#8221;large&#8221; hide_on_mobile=&#8221;&#8221; css=&#8221;.vc_custom_1628516135182{background-color: #000000 !important;}&#8221;][/vc_column][/vc_row]</p>
</section>

<p>[vc_row full_width=&#8221;stretch_row_content_no_spaces&#8221;][vc_column][/vc_column][/vc_row][vc_row gap=&#8221;35&#8243;][vc_column][vc_empty_space height=&#8221;60px&#8221; alter_height=&#8221;large&#8221; hide_on_mobile=&#8221;&#8221;][/vc_column][/vc_row][vc_row][vc_column][vc_column_text] Nos chers Membres d&#8217;honneur [/vc_column_text][/vc_column][/vc_row][vc_row gap=&#8221;35&#8243;][vc_column][vc_empty_space height=&#8221;60px&#8221; alter_height=&#8221;large&#8221; hide_on_mobile=&#8221;&#8221;][/vc_column][/vc_row][vc_row][vc_column width=&#8221;1/2&#8243;][vc_single_image image=&#8221;6217&#8243; img_size=&#8221;500&#215;800&#8243; alignment=&#8221;right&#8221;][/vc_column][vc_column width=&#8221;1/2&#8243;][vc_empty_space alter_height=&#8221;medium&#8221; hide_on_mobile=&#8221;&#8221;][vc_column_text] Membre d&#8217;honneur depuit 2016 Salvatore Sigillò 3e Dan Karaté-Do Fondateur de Karaté-Do Biel-Bienne, Grenchen, Soleure et St.Blaise (Neuchâtel) dans les années 1970 Pionnier du Karaté en Suisse[/vc_column_text][/vc_column][/vc_row][vc_row][vc_column][vc_empty_space alter_height=&#8221;large&#8221; hide_on_mobile=&#8221;&#8221;][/vc_column][/vc_row][vc_row][vc_column width=&#8221;1/2&#8243;][vc_single_image image=&#8221;6220&#8243; img_size=&#8221;500&#215;800&#8243; alignment=&#8221;right&#8221;][/vc_column][vc_column width=&#8221;1/2&#8243;][vc_empty_space alter_height=&#8221;medium&#8221; hide_on_mobile=&#8221;&#8221;][vc_column_text] Membre d&#8217;honneur&hellip;</p>
